by m(w)?
9
Let x = -14 + 36. Suppose -8 = -b - 0. What is the remainder when x is divided by b?
6
Let n(p) = -p**3 - 3*p**2 - 3*p - 3. Let c = -15 - -13. What is the remainder when n(-3) is divided by (c/1)/((-10)/20)?
2
Let a = 412 + -290. Calculate the remainder when 7/(-28) + a/8 is divided by 8.
7
Suppose g - 5*g = 0. Suppose -6*a + 7*a - 9 = g. Suppose -f = 4*f - 25. What is the remainder when a is divided by f?
4
Suppose -4*z - 13 - 15 = 0. Suppose 34*h - 38*h = -116. Let v = h + z. Calculate the remainder when v is divided by 8.
6
Suppose 10 = 2*p - l, -l + 1 = -p + 6. Calculate the remainder when 35 is divided by ((-3)/6)/(p/(-190)).
16
Let u = 20 - -4. Suppose 54 = 105*h - 99*h. Calculate the remainder when u is divided by h.
6
Suppose t + 21 - 8 = -2*l, -4*t = 3*l + 22. Let f = -6 - l. Suppose -g + 5 - 1 = f. What is the remainder when g is divided by 2?
0
Suppose l - 21 = 5*d, -3*l - 2*d = -46 + 17. What is the remainder when l is divided by 7?
4
Let o(m) = -m**3 + 2*m**2 + 6*m - 2. What is the remainder when 48 is divided by o(-3)?
23
Let m(n) = 65*n**2 - 1. What is the remainder when m(1) is divided by 13?
12
Suppose 15 = 3*j + 3. Suppose a - 3 = -0. What is the remainder when j is divided by a?
1
Let s(z) = -3*z - 1. Let f be s(2). Suppose 2*y - 16 = 5*d - 5, -y + 2*d + 6 = 0. What is the remainder when y is divided by (-4 - f) + 0/(-2)?
2
Suppose -33 = -5*w + 52. Let r = 139 + -195. Let i = -23 - r. What is the remainder when i is divided by w?
16
Let x = 18 + -13. Calculate the remainder when 7 is divided by x.
2
Let j(h) = 12 - 1 - 4*h + 5*h. Let r be j(-9). Suppose 0 = s + o - 34, -2*s - 3*o = -r*o - 66. What is the remainder when s is divided by 11?
10
Let n = 7 + -5. Let f be -16 - -12 - (-7 + 0). Suppose n*l = 11 + f. Calculate the remainder when l is divided by 4.
3
Let y = 1 - -10. Suppose -o - 4 = -5*o. What is the remainder when -1*o/1 - -33 is divided by y?
10
Suppose 0 = -q + 5*j + 21, -5*q + 214 = -j + 61. Let l = 16 + -8. Calculate the remainder when q is divided by l.
7
Suppose 4*c + 40 = 2*y - 5*y, 3*c - y + 30 = 0. What is the remainder when 9 is divided by 2/1*c/(-4)?
4
Let t(s) = s**2 - 5*s. Let m be t(5). Suppose -b + m*b + 4 = 0. What is the remainder when 10 is divided by b?
2
Let w(u) = 7*u**2 - 2*u - 2. Let c be (2/3)/(2/6). What is the remainder when w(c) is divided by 6?
4
Suppose -5*f - 1 = -46. Calculate the remainder when f is divided by 3.
0
Let w(t) = t**2 - 2*t - 4. Calculate the remainder when 57 is divided by w(-4).
17
Suppose -5*y - 10 = -5*m, m - 24 = -m - 3*y. What is the remainder when (-6 + 3 - -5) + 20 is divided by m?
4
Let n = 12 + -24. Let i = 7 - n. What is the remainder when 56 is divided by i?
18
Suppose -5*b + 3*w + 1082 = 0, 5*b + 2*w = 3 + 1059. What is the remainder when b is divided by 54?
52
Let w = 83 + -46. Suppose w = -3*f + 196. Calculate the remainder when f is divided by 14.
11
Suppose -2*c + 36*c = 170. Let b(d) = d + 1. What is the remainder when c is divided by b(1)?
1
Suppose -2*n - n + 3*d = -78, -157 = -5*n - 4*d. Let v = -6 + -13. Let k = v - -29. Calculate the remainder when n is divided by k.
9
Let p(g) = -g**2 + 10*g + 3. Let j be p(6). Let l = j + -8. Calculate the remainder when l is divided by (-6)/(-21) - (-136)/14.
9
Let p(z) = 3*z**2 - z + 4. Suppose b - 18*b + 136 = 0. Calculate the remainder when p(3) is divided by b.
4
Suppose 0 = -3*k - 2*k + 35. Suppose -m + 13 = -k. What is the remainder when 38 is divided by m?
18
Let w = -22 - -31. Let r be ((0/(-2))/1)/(-1). Suppose r = -6*u + u + 25. What is the remainder when w is divided by u?
4
Let a(v) = v**3 - v**2. Let c be a(1). Suppose u - 2 - 4 = c. Calculate the remainder when u is divided by 3.
0
Let a be 0*1*(-2)/4. Suppose a = -d + 4*d - 66. Calculate the remainder when d is divided by 8.
6
Suppose 42 = i - 13. What is the remainder when i is divided by 28?
27
Let r = -9 - -17. Calculate the remainder when (38/(-3))/(r/(-12)) is divided by 10.
9
Let w(l) = l**3 - 12*l**2 - 7*l + 9. Let m be w(13). Suppose -5*v + 108 = -m. What is the remainder when 76 is divided by v?
37
Let h = -89 + 106. What is the remainder when h is divided by 8?
1
Suppose -m = -3*g, 1 = m - 2*g - 0. Suppose 0*q = q + 2*o - 86, m*o = q - 106. What is the remainder when q is divided by 24?
22
Let j(y) = -2*y**2 - 2*y + 3. Let v be j(2). Let l = 19 + v. Suppose -3*g + 87 = -0*g. What is the remainder when g is divided by l?
9
Suppose -2*l = 3*j - 17, 0*l - 55 = -5*l + 5*j. Suppose l = 3*o - 11. Calculate the remainder when o is divided by 4.
3
Let k(i) = 10*i**2 - 14*i + 22. Let a(j) = -7*j**2 + 9*j - 15. Let m(g) = -7*a(g) - 5*k(g). Calculate the remainder when 19 is divided by m(4).
5
Suppose -15 = -3*p - 0*p. Let y = 11 - -2. What is the remainder when y is divided by p?
3
What is the remainder when 4 is divided by (3/(-6))/(6/(-24))?
0
Suppose 7*r - 125 = 323. What is the remainder when r is divided by 13?
12
Let h(c) = c**2 - 5*c + 16. What is the remainder when h(9) is divided by 14?
10
Let w(n) = n**3 - 5*n**2 + 2*n - 5. Suppose -15 = g - 4*g. Calculate the remainder when 8 is divided by w(g).
3
Let u be 1/3 - 412/12. Suppose -2*d + 148 = 2*f, 0*f - 4*f = 0. Let z = d + u. Calculate the remainder when z is divided by 14.
12
What is the remainder when -1 + -6 + 67 + 4 is divided by 13?
12
Suppose -246 = -3*c - 0*c + 2*h, 2*h + 6 = 0. Calculate the remainder when c is divided by 9.
8
Suppose -g = -m - 18, -3*g - 15 - 11 = m. Let d = 52 + m. What is the remainder when d is divided by (-2)/(-4)*(17 + 5)?
10
Let u be (-102)/(-30) - 2/5. What is the remainder when (19/2)/(u/6) is divided by 5?
4
Let v(g) = 3*g - 3. Let u = 0 - -4. Let s = u - -1. What is the remainder when v(4) is divided by s?
4
Let j = 2 - -9. Suppose u = j + 11. Suppose 5*o = 18 + u. Calculate the remainder when o is divided by 5.
3
Suppose 11*v - 8*v - 27 = 0. What is the remainder when -3 - (-36 + 2 + -3) is divided by v?
7
Let k(v) = -v**3 + 5*v**2 + v - 4. Let p be k(3). Suppose -5*x - p = -262. Calculate the remainder when x is divided by 13.
10
Calculate the remainder when 27 is divided by 92/9 - (-4)/(-18).
7
Let y(r) = 3*r**2 + 6*r - 6. What is the remainder when y(-5) is divided by 20?
19
Suppose 0 = -5*n + 8*n - 4*z - 388, -2*n - 5*z + 251 = 0. Calculate the remainder when n is divided by 34.
26
Calculate the remainder when (2 - -88)/(-1*(-5)/5) is divided by 23.
21
What is the remainder when 18 is divided by (-321)/(-45) - 10/75?
4
Suppose h = 4*f - 26, -4*f + 3*h + 16 = -6. Calculate the remainder when f is divided by 4.
3
Suppose 9 = -0*i - 3*i. Let z = 0 - i. Calculate the remainder when 13 is divided by z.
1
Suppose -u - 11 = -41. What is the remainder when 89 is divided by u?
29
Let d be (-2 + (-8)/(-3))*-3. Let i be -1 - (d - 18/(-2)). Let s = -3 - i. Calculate the remainder when 9 is divided by s.
4
Suppose -5*t = -d - 3*d - 185, -t - d + 28 = 0. Calculate the remainder when 63 is divided by t.
30
Let d(c) be the third derivative of -c**6/120 + c**5/12 - c**4/24 - 5*c**3/6 + 5*c**2. What is the remainder when 13 is divided by d(4)?
6
Suppose -4*j = -5*j. Let d = -35 + 49. Suppose -d = -j*z - 2*z. What is the remainder when 20 is divided by z?
6
Suppose -x - 12 = 4*n - 8, -3*n = 15. What is the remainder when 90 is divided by x?
10
Suppose 176 = 5*c + 56. Calculate the remainder when 47 is divided by c.
23
Let m be 88/14 + (-2)/7. Suppose -r + 13 - 5 = 0. What is the remainder when 45 is divided by (-18)/(-2)*r/m?
9
Let d(n) = -n**3 + 4*n**2 + 8*n - 1. Calculate the remainder when d(4) is divided by 3.
1
Let s(f) = -80*f + 1. Calculate the remainder when s(-1) is divided by 28.
25
Let y(c) = 2*c**2 + c + 9. Calculate the remainder when 28 is divided by y(0).
1
What is the remainder when 0 - (-87 - -2)/5 is divided by 10?
7
Suppose 40 = 4*v + v. Calculate the remainder when ((-58)/(-3))/((-26)/(-39)) is divided by v.
5
Calculate the remainder when 74 is divided by 304/(-40)*(-5)/2.
17
Let i = 34 + -2. Let k(a) = a**2 - 8. What is the remainder when i is divided by k(5)?
15
Suppose -62 = -4*y - 2*o + o, 0 = -o - 2. Calculate the remainder when 42 is divided by y.
10
Let g(s) = -s + 15. Calculate the remainder when g(-16) is divided by 11.
9